
-121
Let c(m) = -16*m**2 - 2473*m - 3863. Give c(-153).
-38
Let u(w) = -65*w - 9141. Give u(-127).
-886
Let m(g) = 4*g**2 + 545*g + 9294. What is m(-20)?
-6
Let w(m) = -33863*m - 812720. What is w(-24)?
-8
Let k(q) = -2*q**3 - 21*q**2 + 476*q + 1564. What is k(-3)?
1
Let j(x) = -6*x**2 - 3*x + 33. Determine j(-5).
-102
Let z(h) = -59074*h + 236288. What is z(4)?
-8
Let a(n) = -6878*n**2 - 103179*n - 51. Give a(-15).
84
Let q(z) = -z**3 + 264*z**2 + 2535*z - 21272. What is q(273)?
22
Let i(o) = -2*o**3 + 46*o**2 - 6197*o + 24170. Determine i(4).
-10
Let h(u) = 80*u**2 - 364*u + 998. What is h(7)?
2370
Let c(w) = w**3 - 1222*w**2 - 8584*w + 56. Give c(-7).
-77
Let y(k) = -28*k**2 - 627*k + 43. Give y(-22).
285
Let m(v) = 6*v**3 - 31*v**2 + 95*v - 320. What is m(4)?
-52
Let n(l) = l**2 + 690*l + 24123. Give n(-37).
-38
Let i(p) = 6*p**3 + 16*p**2 + 54*p - 140. Calculate i(-8).
-2620
Let g(i) = -4*i**2 - 24649*i + 98627. Calculate g(4).
-33
Let r(f) = -f**2 + 207*f - 5259. Give r(178).
-97
Let b(d) = -2*d**3 + 332*d**2 + 867*d - 32754. Give b(168).
6
Let y(d) = -14*d**2 - 2086*d + 1532. What is y(-151)?
-2696
Let g(z) = -z**2 + 569*z + 7251. Determine g(-13).
-315
Let a(t) = 51240*t - 6507490. Determine a(127).
-10
Let u(j) = 3743*j - 24389. Give u(6).
-1931
Let b(t) = 18698*t + 3216049. What is b(-172)?
-7
Let o(t) = -2617*t + 23559. Give o(9).
6
Let q(t) = 13*t**2 + 267*t + 4. Give q(-20).
-136
Let v(s) = s**3 + 36*s**2 + 1341*s + 12633. Calculate v(-12).
-3
Let o(c) = -4*c**3 - 88*c**2 - 401*c + 44. Calculate o(-15).
-241
Let o(w) = -1112056*w - 18904948. Calculate o(-17).
4
Let c(m) = -2*m**3 - 559*m**2 + 441*m + 45095. Calculate c(-280).
15
Let z(h) = -4*h**2 - 325*h + 3290. Determine z(10).
-360
Let g(k) = -k**3 + 181*k**2 - 8056*k + 3696. What is g(77)?
0
Let u(b) = 76211*b - 152472. What is u(2)?
-50
Let t(q) = -111*q - 4. Give t(-27).
2993
Let o(y) = 39719*y + 119092. What is o(-3)?
-65
Let l(n) = 302*n - 47419. Determine l(157).
-5
Let u(a) = 337*a + 2017. Calculate u(-5).
332
Let x(m) = m**3 + 367*m**2 - 6092*m - 577. What is x(16)?
-1
Let j(f) = -846*f + 38161. Determine j(45).
91
Let k(m) = -360854*m - 360875. Determine k(-1).
-21
Let v(y) = 1736*y + 229131. What is v(-133)?
-1757
Let q(c) = 3071*c**2 - 12608*c + 1296. Calculate q(4).
0
Let f(g) = 3647*g - 16331. What is f(5)?
1904
Let r(z) = -179*z - 5496. Calculate r(-30).
-126
Let v(t) = 38*t**3 + 87*t**2 + 49*t - 250. What is v(-2)?
-304
Let k(o) = 313176*o - 313171. Calculate k(1).
5
Let m(z) = -z**2 + 519*z - 56183. Determine m(345).
3847
Let p(b) = b**3 - 900*b**2 + 1226*b - 293992. Give p(899).
-19
Let z(u) = 15*u**2 + 42*u + 497. Calculate z(-8).
1121
Let y(a) = 4*a**2 - 211*a + 2905. What is y(13)?
838
Let f(w) = -130209*w - 1432283. Determine f(-11).
16
Let p(o) = -o**2 + 934*o + 45059. What is p(-46)?
-21
Let r(n) = 155*n + 115. Determine r(-5).
-660
Let c(j) = 12173*j + 73034. What is c(-6)?
-4
Let r(o) = -2*o**2 + 8338*o - 83179. Calculate r(10).
1
Let o(i) = -i**3 + 2*i**2 - 219*i - 1529. Give o(-6).
73
Let z(k) = 535*k - 37988. Calculate z(71).
-3
Let y(a) = 21*a**2 - 258*a - 74. Calculate y(14).
430
Let v(d) = d**2 - 1045*d + 267791. Calculate v(594).
-103
Let a(l) = -3*l**3 + 12*l**2 - 11720*l + 82089. Give a(7).
-392
Let x(n) = 4*n**3 - 445*n**2 + 2906*n + 9. What is x(7)?
-82
Let t(s) = -s**3 + 191*s**2 - 1823*s + 2268. Calculate t(181).
-85
Let m(b) = -3*b**3 - 18*b**2 + 2783*b + 19342. What is m(-7)?
8
Let y(r) = -6*r**3 - 180*r**2 + 388*r + 126. Determine y(-32).
-2
Let h(l) = -2*l**2 - 279*l - 9125. Calculate h(-52).
-25
Let k(r) = -3*r**3 + 10*r**2 + 19*r - 45. Determine k(5).
-75
Let b(c) = 429457*c + 3435717. Give b(-8).
61
Let c(f) = 50953*f + 5502929. Calculate c(-108).
5
Let n(q) = -q**3 - 63*q**2 + 1027*q + 26212. What is n(-15)?
7
Let b(o) = -o**3 - 12*o**2 + 104*o + 137. Give b(-15).
-748
Let k(v) = 3*v**3 + 24*v**2 + 55*v + 683. Give k(-9).
-55
Let q(x) = 153807*x - 769115. Determine q(5).
-80
Let c(l) = -8*l**2 + 98*l + 273. What is c(15)?
-57
Let a(d) = 2*d**2 - 720*d + 6950. Give a(10).
-50
Let g(q) = 25*q**3 - 354*q**2 + 1179*q + 530. Determine g(7).
12
Let s(d) = -d**3 + 750*d**2 - 355*d + 266284. Calculate s(750).
34
Let o(x) = -112912*x + 112961. Calculate o(1).
49
Let a(h) = -193*h**2 - 378*h + 1143. Give a(3).
-1728
Let m(v) = -v**3 - 72*v**2 + 316*v + 190. Determine m(-76).
-722
Let d(a) = 5799*a + 48124. Calculate d(-8).
1732
Let a(z) = -11*z**3 + 33*z**2 + 4276*z - 12822. Determine a(3).
6
Let d(w) = -w**2 - 151*w + 2151. Calculate d(13).
19
Let m(n) = n**3 - 16*n**2 - 80*n + 142. Calculate m(20).
142
Let k(g) = 306*g**3 - 563*g**2 + 563*g - 2. What is k(1)?
304
Let g(u) = -6*u**3 - 13*u**2 + u - 27. Determine g(-5).
393
Let z(c) = -13*c**2 + 70*c - 1036. Give z(18).
-3988
Let p(c) = -c**3 - 42*c**2 - 228*c + 4. Give p(-35).
-591
Let d(q) = -7*q**3 + 11*q**2 - 162*q + 478. Calculate d(3).
-98
Let t(q) = 9*q**3 + 144*q**2 - 141*q + 213. Calculate t(-17).
9
Let r(x) = -x**3 - 91*x**2 + 463*x - 1640. Determine r(-96).
-8
Let l(i) = i**3 + 80*i**2 + 852*i + 473. Give l(-67).
1746
Let o(j) = 2*j**3 + 163*j**2 + 261*j + 406. What is o(-80)?
-1274
Let q(d) = 5698*d + 12. Determine q(0).
12
Let q(r) = 48164*r + 385321. Calculate q(-8).
9
Let r(j) = -1568*j - 4091. Calculate r(-3).
613
Let w(s) = -2*s**3 + 342*s**2 + 5964*s - 7. What is w(-16)?
313
Let m(j) = j**3 + 29*j**2 - 42*j + 702. Give m(-33).
-2268
Let m(o) = -4724*o + 562144. What is m(119)?
-12
Let c(m) = 20199*m - 181882. Give c(9).
-91
Let g(u) = -318*u + 8213. What is g(25)?
263
Let a(w) = w**3 - 2*w**2 - 11*w + 4. Give a(3).
-20
Let b(l) = -420909*l - 2104501. Determine b(-5).
44
Let l(b) = b**3 + 20*b**2 - 117*b - 57. Calculate l(-25).
-257
Let k(m) = -m**3 + 49*m**2 - 155*m - 2908. Give k(-6).
2
Let b(d) = 121*d**2 + 25*d + 28. What is b(-1)?
124
Let d(v) = -v**3 + 9*v**2 + 8*v - 244. Calculate d(16).
-1908
Let v(t) = -t**3 + 132*t**2 - 396*t + 24. Determine v(3).
-3
Let v(o) = -8955*o + 1002901. Determine v(112).
-59
Let z(a) = 658*a**2 - 417*a - 419. Give z(-1).
656
Let i(c) = -c**3 - 109*c**2 - 617*c - 31686. Calculate i(-106).
8
Let w(b) = -1721*b**2 - 12085*b + 165. Calculate w(-7).
431
Let l(s) = s**2 + 104*s - 4449. Determine l(32).
-97
Let l(r) = 3*r**2 - 1701*r - 11839. Give l(-7).
215
Let d(j) = -j**3 - 9*j**2 - 227*j - 1194. Determine d(-6).
60
Let k(h) = -31*h**2 + 241*h - 191. Calculate k(1).
19
Let s(z) = 35*z - 3610. Give s(93).
-355
Let y(g) = 57*g + 3962. What is y(-60)?
542
Let s(m) = 2*m**2 + 84*m + 244. Determine s(-5).
-126
Let j(u) = -1562*u**2 + 3303*u - 8. Give j(2).
350
Let j(z) = -z**2 - 138*z + 43219. Calculate j(144).
2611
Let x(z) = 7*z**2 - 280*z + 2917. Calculate x(10).
817
Let q(i) = -93*i**3 + 12089*i**2 + 130*i + 134. Determine q(130).
134
Let d(p) = -2*p**3 - 7*p**2 - 20949*p + 41908. Calculate d(2).
-34
Let s(j) = 12692*j - 1167649. Calculate s(92).
15
Let u(g) = 21*g**2 + 5680*g - 3351. Give u(-271).
-370
Let w(t) = t**3 - 14*t**2 - 131*t - 805. Determine w(-6).
-739
Let r(b) = -b**3 + 58*b**2 - 434*b + 8952. Calculate r(53).
-5
Let w(r) = -2*r**3 - 3805*r**2 - 92037*r - 28171. Determine w(-1878).
-1
Let q(p) = 7058*p - 1813850. Determine q(257).
56
Let p(k) = 1312*k - 307030. What is p(234)?
-22
Let i(w) = 2*w**3 + 179*w**2 + 620*w + 1570. Give i(-86).
22
Let a(c) = 189147*c + 3404649. Determine a(-18).
3
Let f(g) = -17*g**2 + 1248*g - 230. What is f(70)?
3830
Let o(x) = -10915*x - 152806. Give o(-14).
4
Let f(c) = 49941*c - 99647. What is f(2)?
235
Let z(c) = -2287*c + 187538. Give z(82).
4
Let f(o) = -1851*o - 9334. Determine f(-5).
-79
Let v(l) = 37*l**2 - 34909*l + 69823. Determine v(2).
153
Let p(m) = -56*m**3 - 306*m**2 + 291*m + 12. Determine p(1).
-59
Let i(s) = -139*s**2 + 1671*s + 231. Determine i(12).
267
Let d(s) = -s**2 - 2911*s + 205615. What is d(69)?
-5
Let u(v) = 3227*v + 19334. Give u(-6).
-28
Let g(o) = 2*o**3 + 250*o**2 - 258*o - 453. Give g(-126).
303
Let b(y) = -5906*y - 100414. Determine b(-17).
-12
Let w(o) = -327*o - 1897. Determine w(-7).
392
Let v(c) = -5368*c - 2248. Give v(-1).
3120
Let t(c) = 4*c**2 + 954*c + 3761. Determine t(-4).
9
Let l(m) = 42*m**2 - 18100*m - 19077. Determine l(432).
-69
Let s(q) = -9*q**